 What are the prime factors of c?
139
Suppose 4*f = 3*f + 1. Let j be f/(-5) + (-1)/(-5). Let u = 7 - j. What are the prime factors of u?
7
Suppose 2*r - 5*a + 198 = 5*r, 4*r - 2*a - 290 = 0. What are the prime factors of r?
71
Suppose 353 - 108 = -5*m. Let r = m + 94. List the prime factors of r.
3, 5
What are the prime factors of 20*(-1 + 222/24)?
3, 5, 11
Let p(m) = m**3 + 4*m - 8. What are the prime factors of p(4)?
2, 3
Suppose -z - 4*l = 16, 0 = -0*z + 3*z + 4*l + 8. Suppose -z*s - 3*q + 158 = 0, 0*s - 4*q + 84 = 2*s. List the prime factors of s.
2, 19
Suppose k = -1 - 4. What are the prime factors of 129/15 + (-2)/k?
3
Suppose -x = -3*x + 84. Suppose 3*r + w = 4*w + x, 0 = 3*w - 9. What are the prime factors of r?
17
List the prime factors of 4/(-14) - 216/(-21).
2, 5
Let q be 33/12 + (-3)/4. Suppose -2*z = -j - z + q, 4 = 2*j + 2*z. Suppose 0 = -5*n - 3*s - 2*s + 5, 4*s + 26 = j*n. List the prime factors of n.
5
Let f(l) = -5*l**3 - 2*l**2 - l. Let a(h) = -h - 4. Let n be a(-6). Let c = 1 - n. List the prime factors of f(c).
2
Let w = 56 + -34. Suppose -2*y = -3*y + 2*q + 10, 4*q + w = 3*y. List the prime factors of y.
2
Let u(d) = -1 - 3 - 4*d + d**2 + 2. Let c(r) = -2*r**2 + 8*r + 5. Let v(h) = -2*c(h) - 5*u(h). List the prime factors of v(3).
3
Let s = 37 - 2. List the prime factors of s.
5, 7
Let x(c) = -24*c**3. Let f be x(1). Let s be 6*(-3)/f*4. Let z = 16 - s. What are the prime factors of z?
13
Suppose 96 = 6*k - 3*k. What are the prime factors of k?
2
Let y = 4 - -34. What are the prime factors of y?
2, 19
Let z(d) = -3*d**3 + 2*d**2 + 5*d + 2. Let m be z(-3). List the prime factors of m/18 + 2/9.
5
Let n be (0 - 1)*(-1 - 1). Let i = n - -1. Suppose -g - 2*b + 32 = 3*b, -i = g - 2*b. List the prime factors of g.
7
Suppose -10*z - 412 = -11*z. What are the prime factors of z?
2, 103
List the prime factors of 4/42 - 5708/(-42).
2, 17
Let w be 4/(16/(-6) - -2). Let u be ((-1)/2)/(w/36). Suppose -n + 12 = u*n, -q = -3*n - 8. List the prime factors of q.
17
Suppose 2*r + 3*r - 3*q = 6, 4*r + 4*q + 8 = 0. Suppose 0 = 2*p - r*p + 3*c + 3, 5*p = -5*c. What are the prime factors of p?
3
Let h(k) = k**2 + 2*k. Let l = 6 + -6. Let u = l + -5. List the prime factors of h(u).
3, 5
Suppose -u + 61 + 35 = 0. Suppose -13*q + u = -10*q. What are the prime factors of q?
2
Suppose -4*m = -3*m. Suppose m = -g + 2*g - 2. What are the prime factors of g + 5 - (-2)/(-1)?
5
Let z(u) = 3*u**2 + 5*u - 35. What are the prime factors of z(-9)?
163
Suppose -162 + 54 = -4*x. Suppose 0*j - 3*j = -x. What are the prime factors of j - ((1 - 2) + 2)?
2
Let v(g) = g + 13. Suppose 2*f - 6*f - 8 = 0, h + 2*f = 13. List the prime factors of v(h).
2, 3, 5
List the prime factors of (-2)/(-4) - (-155)/10.
2
Suppose 12*h - 7*h - 245 = 0. List the prime factors of h.
7
Suppose 14 - 39 = -5*n. What are the prime factors of n?
5
Suppose q - 6 = 3*q. Let c = 0 - q. What are the prime factors of c?
3
Let n(f) = -25*f - 74. What are the prime factors of n(-12)?
2, 113
Let n = -2 + -4. List the prime factors of (-15)/(-10)*(-52)/n.
13
Let v be (0/(3 + 1))/(-2). Suppose 0 = -v*k + 4*k - 172. List the prime factors of k.
43
List the prime factors of 2/(-9) + ((-5747)/(-63) - 8).
83
Let y = 67 - 63. List the prime factors of y.
2
Let l(c) = -2*c - 7. Let x be l(-5). Suppose 0*z - x*z = -36. List the prime factors of z.
2, 3
Let f be (-25)/(-5) + -1 + 0. Suppose 0 = -0*k + f*k - 124. Let z = k - 19. What are the prime factors of z?
2, 3
Let g be (-8)/(-20) + 28/5. Suppose -g*t = -3*t + 2*o - 89, 2*t - 60 = -2*o. List the prime factors of t.
29
Let k be (-10)/45 - 38/(-9). Suppose 0*c + 4*c + 28 = 4*p, 3*c = k*p - 23. Let q = 1 + p. What are the prime factors of q?
3
Let g = -6 - -11. Suppose -5*t + t = -8, -4*s = -4*t + 8. Suppose s = 4*p - 5*j - 59, -g*j + 4 = 2*p - 3. What are the prime factors of p?
11
Let f = -9 - -6. Let b be 11/f*(1 - 4). List the prime factors of b/1 + (1 - 3).
3
Let t(u) = 184*u**2 + u - 1. What are the prime factors of t(1)?
2, 23
Let k = -28 + 41. Let w = k + -9. List the prime factors of w.
2
Let n(m) = -m**2 - 7*m - 5. Let p be n(-6). Let z be (-1*p)/(5/(-25)). Suppose z*y - 27 = -12. What are the prime factors of y?
3
Let n = 44 + -30. List the prime factors of (-12)/36 + n/6.
2
Let w be (3/6)/(4/24). What are the prime factors of ((-8)/w + -3)*-3?
17
Suppose m + 43 = -5*k, k = m + 2*m - 15. Suppose p + 3*p = 2*u - 14, -4*p + 5*u = 5. Let t = p - k. List the prime factors of t.
2
Let i = -11 - -11. Suppose -104 = -i*j - 4*j. What are the prime factors of j?
2, 13
Suppose 5*q + 0*q - 2*s = 269, 3*s + 218 = 4*q. What are the prime factors of q?
53
Let j be 1/2 - (-2)/(-4). Suppose -84 = -3*r - 2*q, -56 = -2*r - j*r + 2*q. Let w = r + -16. List the prime factors of w.
2, 3
Let f = -27 + 18. Let k = 16 + f. Suppose 2*n = 2*m - 8, k = m + 2*n - 6. List the prime factors of m.
7
Suppose 0 = 3*a - 12 - 24. What are the prime factors of (86/(-12))/((-2)/a)?
43
Let r = 66 - 16. Suppose 0 = 4*y - 182 + r. What are the prime factors of y*(0 + (-3)/(-9))?
11
Let l be (0 - 0) + (3 - 7). Let f = l - -11. Suppose -3*q - 24 = -f*q. List the prime factors of q.
2, 3
List the prime factors of 20/(-50) - 814/(-10).
3
Suppose 3*z = d + 2*d, 4*z - 5*d + 4 = 0. Suppose -5*w = -3*c - 2 - 26, -z*c = -4*w + 16. List the prime factors of w.
2
Let f = -6 - -10. Suppose 2*h = -f*z - 12, 8 + 10 = -h - 5*z. What are the prime factors of h?
2
Let y = -1 - -5. Suppose 14 = -2*f + y. Let k = 10 + f. What are the prime factors of k?
5
Let t(j) = 5*j + 180. List the prime factors of t(0).
2, 3, 5
Suppose 3*a = 5*a. Suppose a*k = -k + 15. List the prime factors of k.
3, 5
Let m(w) = -2*w + 8. Let s be m(0). Suppose -o = -11 - s. List the prime factors of o.
19
Let y(h) = h**3 + 12*h**2 - 17*h + 4. What are the prime factors of y(-12)?
2, 13
Suppose -m - 2*s = s - 40, 225 = 4*m - s. List the prime factors of m.
5, 11
Let q = 79 + 18. List the prime factors of q.
97
Suppose 8*t - 171 = 5*t. Suppose t = 3*k + 2*s - 26, 5*k - 4*s - 131 = 0. What are the prime factors of k?
3
Suppose 0 = -5*u + 3*h - 25, -17 = -5*h + 8. Let i be 5*(0 - u/(-5)). Let j = i - -5. What are the prime factors of j?
3
Suppose 12 = 2*w + 2*p - 8, -p = -3*w + 22. Let r = w + -3. What are the prime factors of r?
5
Let k = -13 + 24. List the prime factors of k.
11
Suppose 5*h - 5*a = h + 73, 4*h - 23 = -5*a. Let q = h + 14. What are the prime factors of q?
2, 13
Let n = 4 - 0. Suppose -3*f = -2*f - n. List the prime factors of f.
2
Let s(a) = -a - 5. Let j be s(-12). Suppose 0 = 2*w - j*w + 90. List the prime factors of w.
2, 3
Let p(d) = 1. Let x(v) = v + 5. Suppose -3*k - 2*k = -5. Let y(b) = k*x(b) - 6*p(b). What are the prime factors of y(3)?
2
Let i(d) be the first derivative of 5*d**2/2 - 6*d - 2. Suppose 4*x = 23 - 3. List the prime factors of i(x).
19
Let h(g) = -g**3 - 7*g**2 + 7. What are the prime factors of h(-7)?
7
Let c(v) be the second derivative of v**3/3 + 3*v**2 - 4*v. Let x be c(-4). What are the prime factors of (-3 - -7)*(-5)/x?
2, 5
Let t = 10 + -19. What are the prime factors of ((-60)/t)/((-2)/(-6))?
2, 5
Suppose -3*t + 2*f + 14 = 3*f, -f + 2 = 0. Suppose 0 = 5*z - 1 - 19. Suppose t*h - 21 = h + i, -i - 29 = -z*h. What are the prime factors of h?
2
Let y(i) = 5*i**3 - 5*i + 1. List the prime factors of y(2).
31
Suppose -2*l + 541 - 101 = 0. List the prime factors of l.
2, 5, 11
Let q = 23 - 0. Let r = q - 7. What are the prime factors of r?
2
Let a = -7 + 7. Suppose -2*z + 5*b - 66 = b, 4*z + 5*b + 184 = a. Let h = 62 + z. List the prime factors of h.
3, 7
Suppose 810 = 5*o - 5*d - 0*d, 0 = -4*o - 5*d + 603. List the prime factors of o.
157
Let k(q) = 2*q + 8. Let a be k(12). Suppose -57 = -5*g + w + 2*w, -3*g + a = -4*w. What are the prime factors of g?
2, 3
Let i(q) = -12*q - 8. Let j be i(-8). Suppose 0 = v + v - j. Suppose 5*f = v - 4. List the prime factors of f.
2
Let u = 0 - 0. Suppose 2*x = u, -h - h - 2*x + 32 = 0. What are the prime factors of h?
2
Let h be (2/3)/((-6)/(-9)). Let b = 1 + h. Suppose b = -f + 13. List the prime factors of f.
11
List the prime factors of (27/(-6) + 4)*-44.
2, 11
Let s(p) = 10*p**2 + 5*p - 2. List the prime factors of s(-5).
223
Let v(s) = -s**3 - 